+ 12. What is the units digit of t?
4
Let t(p) = p**2 - 11*p + 14. Let q be t(10). Suppose -4 = 4*l, 2*l - 6*l = -q*s + 8. What is the units digit of (16/10)/(s/5)?
8
Suppose 231*v + 46995 = 246*v. What is the units digit of v?
3
Let i = 58 - -4. Suppose 0 = -13*f + 12 + 27. Suppose f*k - 16 = i. What is the tens digit of k?
2
What is the hundreds digit of 87/((-1243)/627 - -2)?
9
Suppose 0 = -3*i - i + 332. Let t = -48 + i. What is the tens digit of t?
3
Suppose -z - r = -2 - 3, 1 = r. Suppose -3*i - 5 = -5*o, 2*o - z + 1 = i. Suppose -i*h + 2*h = -36. What is the tens digit of h?
1
Suppose -3*b + 0*b = 5*a - 709, a = 5*b - 1191. What is the hundreds digit of b?
2
Let h(l) = 26*l + 79. What is the hundreds digit of h(15)?
4
Suppose 0 = -2*g - 4*c + 114, 2*g - 4*g + 2*c = -90. What is the tens digit of g?
4
Let f be (2/(-4) - 56/(-16))/1. Suppose 2*k = 4*r + 480, -2*k - f*r = -0*r - 452. What is the tens digit of k?
3
Let h(p) = -p**3 + 5*p**2 + p + 2. Let k be h(5). Let u be 19 + k/((-14)/(-4)). Let l = u - 10. What is the units digit of l?
1
Let w = 13 + -10. Suppose w*p - 6*p + 228 = 0. Suppose 4*b + 8 = p. What is the tens digit of b?
1
Let h(n) = 8*n - 4. Let p be h(1). Suppose -4*d + 82 = j + 1, 0 = p*j + 2*d - 324. What is the units digit of j?
1
Suppose 3830 = 13*k - 3*k. What is the units digit of k?
3
Let p(w) = -w**3 + 3*w**2 + 5*w - 3. Let l be p(3). Suppose -s - 3*s = -l. Suppose -i - 2*i = 0, 0 = -s*t + 4*i + 15. What is the units digit of t?
5
Suppose r - 331 = 429. What is the units digit of r?
0
Let z be 7/28 + 2/(24/141). Suppose 0 = 4*y - 8 - 8. What is the tens digit of 66*(y + (-44)/z)?
2
Let j = 2 + -12. Let f = -11 + 41. Let h = f + j. What is the tens digit of h?
2
Let r(d) = -d**2 - 11*d + 17. Suppose -5*l - 82 = -22. Let y be r(l). Let f(q) = q**2 + 3*q - 6. What is the tens digit of f(y)?
3
Let q(j) = -45 + 116 - 2*j - 55. What is the tens digit of q(-20)?
5
Suppose 385 = z + d, -3*z + 1347 - 172 = -d. What is the units digit of z?
0
Suppose 0*f = s - 3*f - 45, -5*s - 4*f + 206 = 0. Let q = -3 + s. What is the units digit of q?
9
Let a(d) = 2*d + 16. Let j be a(-13). Let m(c) = -30*c - 4. What is the tens digit of m(j)?
9
Suppose -606 = -4*a + 3*c - 78, 16 = -4*c. What is the tens digit of a?
2
Let q be (-2)/5*(-15 - 5). What is the units digit of (q + -30)*5/(-2)?
5
Let a(t) = 93*t - 81. What is the units digit of a(7)?
0
Let r(g) = -317*g**3 - 2*g - 2. Let y = 38 + -39. What is the tens digit of r(y)?
1
Suppose 4*k - 3*z = 243, 5*k + 135 = 7*k + 3*z. Suppose -9*o = -8*o - k. What is the tens digit of o?
6
Let z(s) = s**3 + 10*s**2 - 10*s + 9. Let a be z(-11). What is the units digit of 60 + -9 + 8/a?
7
Suppose -2*q = 2*a + 148 - 12, 25 = -5*q. Let v = a + 115. What is the tens digit of v?
5
Suppose -4*y - 11 = -43. Let s be (-4)/y*0/(-2). Suppose 0 = -p - s*p + 22. What is the units digit of p?
2
Suppose -11453 = -7*u + 20. What is the hundreds digit of u?
6
Let a(d) = -d**3 - 40*d**2 + 2*d + 116. What is the units digit of a(-40)?
6
Let y(v) = v**3 + 10*v**2 + 3*v + 1. Let k be y(-9). Let i be (-38)/(-10) - (-11)/k. Suppose 0 = i*m - 36 - 80. What is the units digit of m?
9
Let a(q) = 145*q - 189. What is the units digit of a(2)?
1
Suppose 144 = f - 7*s + 3*s, 2*s - 4 = 0. What is the units digit of f?
2
Suppose 10 = -f + 4*h, 0*h = -f - h + 15. Suppose -5*o = -0 - f. What is the units digit of (o - (-15)/(-6))*-20?
0
Let u be 318*(3/2)/(9/4). Let k = u - 119. What is the units digit of k?
3
Let z(t) = -t**3 - 6*t**2. Let l be z(-6). Suppose 4*c - c - 138 = l. Suppose 2*h + 3*h - 63 = -3*v, -2*v + c = 2*h. What is the units digit of v?
6
Let i(p) be the first derivative of p**4/12 + 5*p**3/3 + 5*p**2/2 + 1. Let t(r) be the second derivative of i(r). What is the tens digit of t(7)?
2
Let y(m) = -2*m**3 + m**2 + 2*m + 2. Let t be y(-1). What is the tens digit of t/2*76/6*3?
5
Suppose 0 = 39*w - 10*w - 27463. What is the tens digit of w?
4
Suppose 5*g - 1300 = 1460. What is the units digit of g?
2
What is the tens digit of (-1*24)/(1 - (-15)/(-6))?
1
Let n(h) = 2*h**2 + 3*h. Let r be n(-2). Suppose r*p = -2*m + 124, -m - 190 = -3*p - 0*m. Suppose x - p = -2*x. What is the units digit of x?
1
Let w(k) = 24*k**2 - 30*k + 98. What is the tens digit of w(4)?
6
Let z(r) = 11*r**2 - 38*r - 47. Let d(j) = 7*j**2 - 25*j - 31. Let k(q) = -8*d(q) + 5*z(q). Let y be k(11). Suppose w = -0*w + y. What is the units digit of w?
2
Suppose -79*f + 88*f = 3816. What is the hundreds digit of f?
4
Suppose 5*a + 15 = 8*a. Suppose -a*n + 16 = -19. Let u = n - -24. What is the tens digit of u?
3
Suppose -20 = -2*f - 2*f. Suppose f*d = 6*d - 72. What is the units digit of d?
2
Let j = -6 - -7. Let h = j + 7. What is the tens digit of h/20 - (-53)/5?
1
Let m(z) = -z**2 + 1. Let p be m(-5). Let u be 34/8 + p/(-32). Suppose -2*v - 157 = -u*y, 0*y - v + 70 = 2*y. What is the tens digit of y?
3
Suppose 11*x = -2*c + 6*x + 664, -4*x + 16 = 0. What is the units digit of c?
2
Suppose d - 2*x - 1352 = 0, 5*x - 2 + 12 = 0. What is the units digit of d?
8
Let h be 1015/5 + 3 + 2. Suppose -4*z + 8*z - h = 0. What is the tens digit of z?
5
What is the hundreds digit of (-2)/(5628/939 - 6)?
3
Suppose 8*d - 3540 - 2124 = 0. What is the hundreds digit of d?
7
Let x(a) = a**2 + 5*a - 3. Let p be x(-6). Let j(h) = 4*h - 7. Let t be j(p). What is the units digit of (-1)/t - (-144)/20?
7
Suppose -1 + 37 = -4*f. Let j be ((-6)/4)/(f/12). Suppose 0 = 2*a - x - j*x - 21, -5*x + 31 = 4*a. What is the units digit of a?
9
What is the units digit of 1/(77312/(-15464) - -5)?
3
Let s(p) = -44*p - 3. Let f be s(-6). Suppose -3*b + f = 57. Suppose b - 5 = 3*m. What is the units digit of m?
1
Let v = 114 + -101. What is the tens digit of (-2 - v)*8*(-4)/8?
6
Let z(v) = v**2 - 8*v - 14. Let k(t) = 6*t**2 + 2*t**3 - 11*t + 3*t + 3 - t**3. Let l be k(-7). What is the units digit of z(l)?
6
What is the hundreds digit of 33/44 - (-2462)/(-16)*-6?
9
Let o = -293 + 489. What is the hundreds digit of o?
1
Let x(n) = -13*n**2 + 16*n - 1. Let z be x(7). Let b = z + 758. What is the units digit of b?
2
Suppose 3*h + 5 = 17. Let d = -102 + -48. What is the tens digit of 2*h*d/(-40)?
3
What is the tens digit of ((-105)/63)/((-3)/1692*1)?
4
Let l(d) = 132*d + 26. What is the hundreds digit of l(7)?
9
Suppose -5*m - 9 = -19. Suppose -5*s + 715 = -5*b, -3*b = 4*s + m*b - 545. What is the tens digit of s?
4
Suppose 0 = -5*c + 4*c + 5. Suppose 17 = c*r - 3, -3*q = -4*r - 200. What is the units digit of q?
2
Let j(h) = -25*h + 281. What is the tens digit of j(-10)?
3
Let n(v) = -v**2 - 4*v + 10. Let l be n(-5). Suppose m + 0*z - 44 = z, l*m - 222 = 3*z. What is the units digit of m?
5
Let l be (-378)/(-8) + 12/(-48). Let x = 50 - l. What is the units digit of x?
3
Suppose 4*j = 1745 + 807. What is the hundreds digit of j?
6
Let x be 4/(-6)*(16 + -1). Suppose -4*p - 4*f + 84 = 0, 10*p = 13*p + 5*f - 67. Let h = x + p. What is the units digit of h?
9
What is the hundreds digit of (0 + (-5)/10)*-302?
1
Let c be (2/1 + 3)*-1. Let g be 6*(3 + c/2). Suppose g*t - 12 = -0. What is the units digit of t?
4
Let b(c) = -c**3 - 6*c**2 - 18*c - 6. Let s be b(-6). Suppose -6*r + 888 = s. What is the tens digit of r?
3
What is the units digit of (-3)/((3/(-35))/((-384)/(-30)))?
8
Let p(q) = -q**3 - 6*q**2 - 6*q - 1. Let m be 4/(-16) + (-37)/(-4). Suppose -2*o + o + 3*g - 11 = 0, m = -o + 2*g. What is the units digit of p(o)?
4
Let c(i) = 20*i - 25. Let g be c(16). Suppose 0 = -3*x + 5*r + g + 36, -5*r = 3*x - 281. What is the hundreds digit of x?
1
Let o = -21 - -39. Let v = 33 - o. Let l = v + -3. What is the units digit of l?
2
Let d(c) = 48*c - 18. What is the units digit of d(26)?
0
Let z = -150 - -254. Let i = z - 68. What is the tens digit of i?
3
Let j(w) = 10*w - 44. Let m(p) = p**3 + 11*p**2 - 3*p - 15. Let t be m(-11). What is the units digit of j(t)?
6
Let d(q) = -q**2 - 7*q - 6. Let w be d(-5). Suppose -3*b = -2*b - w. Suppose -2*o = b*o - 24. What is the units digit of o?
4
Suppose -2 = 857*x - 859*x. Let v(k) = 0 + 16*k**3 + 15*k**3 - 1 + 2*k. What is the units digit of v(x)?
2
Let b = -828 - -1918. What is the thousands digit of b?
1
Suppose -5*g = 216 + 274. Let t = -158 - g. Let d = 